e factors of m.
7
Let o = -29 - -41. Suppose -2*z = s - 4*s + 41, s - o = -z. What are the prime factors of s?
13
Let k(u) = -u**2 - 20*u - 9. List the prime factors of k(-17).
2, 3, 7
Let z(j) = j**3 + 7*j**2 + 7*j + 8. Let o(v) = -v + 2. Let c be o(4). Let y be (-6)/(0 - (c - -1)). What are the prime factors of z(y)?
2
Let f(m) = -m**3 + 5*m**2 - 4*m + 3. Let w be f(4). Let j(g) = 2*g**2 - 6*g + 4. Let x be j(4). Suppose 0 = w*t - 2*t - x. List the prime factors of t.
2, 3
Let y be (4 - 1)/(5/25). What are the prime factors of 3/y + (-216)/(-20)?
11
Suppose c - a = 5*c + 1, 27 = 2*c - 5*a. Suppose 5*s = 29 + c. What are the prime factors of s?
2, 3
Let n = -10 - -14. Let d = 1 - n. What are the prime factors of (-48)/(-9) - (-1)/d?
5
Suppose 0 = -2*r + 6*r. Suppose r = 5*s + 17 - 2. Let d = -1 - s. What are the prime factors of d?
2
Let a be 6/(-4) + (-1)/(-2). Let g = 12 - a. What are the prime factors of g?
13
Suppose l = -z, -4*z = l - z. Suppose -5*m + 78 = -3*m. Suppose l*a - m = -5*x - 3*a, 21 = x + 5*a. What are the prime factors of x?
2, 3
Let m(d) = 3*d + 37. Let r be 1*(0 + -1) + -1. Let y(w) = -w - 12. Let n(l) = r*m(l) - 7*y(l). List the prime factors of n(-6).
2
Let v = -39 - -60. What are the prime factors of v?
3, 7
Let o(g) = -g + 0*g + 4 - 1. Let n = -5 + 5. List the prime factors of o(n).
3
Suppose -5*f + 3*f + i = -35, 4*i - 55 = -5*f. List the prime factors of f.
3, 5
Let c(t) = 10*t + 5. Let h be c(4). Suppose -19 = p + h. What are the prime factors of 9/(-4)*p/12?
2, 3
Let y be 1 + (-2 - -7) + -3. Let d be (-165)/(-25) + y/(-5). List the prime factors of 1*d/(-4)*-6.
3
Suppose -404 + 77 = -3*l. List the prime factors of l.
109
Let d(z) = z**2 - 4*z - 1. Suppose -2*g + 10 + 22 = 0. Let j be g/3 + 10/15. What are the prime factors of d(j)?
11
Let x = 68 + -46. Suppose 2 = -5*i + x. What are the prime factors of i?
2
What are the prime factors of 194/12 - 1/6?
2
Let f be (-1)/2*-1*6. Let p(u) = u**3 - 11 + 5*u + f*u**2 + 6*u**2 + 0*u. List the prime factors of p(-8).
13
Let x be 1 - (-5 - -4) - 3. Let m(a) = -5*a + 2. What are the prime factors of m(x)?
7
Suppose 5*k - 60 = 2*c - 6*c, 0 = 4*c + 3*k - 68. What are the prime factors of c?
2, 5
Let g = 6 - 12. Let s = g + 22. What are the prime factors of s?
2
Let t(z) = z**3 - 3*z**2 - 3*z - 4. Let q be t(4). Suppose 2*f + 10 = q, -2*p + f = -7*p + 50. List the prime factors of p.
11
What are the prime factors of (910/30)/((-1)/(-3))?
7, 13
Suppose -5*n + 3*n = -156. What are the prime factors of n?
2, 3, 13
Suppose p - 48 = 2*g, 4*p - 2*g + 5*g - 148 = 0. List the prime factors of p.
2, 5
Let a(h) = 6*h - 1. Let t(m) = m - 1. Let b be t(3). Suppose -b = -n - 0. List the prime factors of a(n).
11
Let v(h) = -h**3 + 14*h**2 - 13*h - 3. Let q be v(13). Let f(t) = -23*t - 7. List the prime factors of f(q).
2, 31
What are the prime factors of (-40)/(-2) + -2 - -3?
3, 7
Let p = -11 + 79. Suppose -2*o = -4*i - 16, -4*i + p = 5*o - 0*i. What are the prime factors of o?
2, 3
Let p(m) = -m**2 + 23*m - 12. What are the prime factors of p(22)?
2, 5
Suppose 33 = -4*c - y + 8, -4*c - 45 = 5*y. Let b = c + 7. Suppose 0*w = -b*w + 12. List the prime factors of w.
2, 3
Suppose 0*z = -4*z. Suppose z*y = -5*n + 2*y + 61, n - y = 11. List the prime factors of n.
13
Let r be (-5)/(5/(-21)) - -3. Suppose 4*x = -2*k + 64, 4*x - r = -4*k + 3*k. List the prime factors of k.
2, 5
Let q be (-1)/(2/(-4)*1). Suppose h = q*h - 21. List the prime factors of h.
3, 7
Suppose -3*v - v + 452 = 0. What are the prime factors of v?
113
Let s be (-3)/12 + (-170)/(-8). Suppose 4*k - 5*q = s + 5, 4*q = 5*k - 37. What are the prime factors of k?
3
Let r = -59 - -136. What are the prime factors of r?
7, 11
Suppose 4*o + 148 = -4*g, 2*o + o = -5*g - 101. Let j = -22 - o. List the prime factors of j.
2, 5
Suppose 0 = -3*u - 92 - 43. What are the prime factors of (5 - 1)/((-10)/u)?
2, 3
Let t be (2/4)/((-2)/4). Let b = t - -1. What are the prime factors of (b - (2 + 0)) + 7?
5
Let d = -3 + 27. List the prime factors of d.
2, 3
Suppose 3*b + 3 = 0, 16 = 2*z - 4*z - 2*b. Let m = 16 - z. What are the prime factors of m?
23
Let r be (-9)/15 + (-6)/15. Let o(m) = 3*m**2 - 2*m - 1. Let j be o(r). Suppose 5*b + 0*b = -2*w + 16, -j*w - 5*b = -22. What are the prime factors of w?
3
Let c(k) = k + 6. What are the prime factors of c(9)?
3, 5
Suppose 0 = 5*c - u - 26, -3*u = 2*c + 3*c - 42. Suppose -4*i - c = -i. List the prime factors of i/(1/(-4)*2).
2
Suppose -94 = -4*r + 14. What are the prime factors of r?
3
Let k = 43 + -13. What are the prime factors of k?
2, 3, 5
Let n(t) = t**2 + t. Let l(p) = 7*p**2 + 3*p - 2. Let d(b) = -l(b) + 5*n(b). Let h be d(3). What are the prime factors of (2/1)/(h/(-45))?
3
Let v = -44 + 85. What are the prime factors of v?
41
Suppose 0 = -5*l + k + 40, -2*l - 3*k = -0*l + 1. List the prime factors of l.
7
List the prime factors of 4/10 + 1014/15.
2, 17
Let q be (-3 + (0 - -4))*5. Suppose -q*r + 325 = -275. Suppose -5*j + r = -5*h, 2*j + 4*h - 8 = 10. What are the prime factors of j?
19
Let a(u) = -u**3 - 3*u - 11 - 6*u**2 + 1 - 6*u**2 - 12*u. What are the prime factors of a(-11)?
2, 17
List the prime factors of 7*(3 + -4 - -2).
7
Suppose 2*b = 3*b + 18. Let m = -9 - b. Let t = m - 2. What are the prime factors of t?
7
Let q(y) = -14*y + 1. Suppose -4 + 6 = -2*s. Let g be q(s). Suppose -8*x + 3*x + g = 0. List the prime factors of x.
3
Let m(f) = -3*f + 4. Let i be m(4). Let z = 5 - i. What are the prime factors of z?
13
List the prime factors of (7720/15)/8 + (-2)/6.
2
Suppose 2 = -3*w - p + 50, -2*p - 9 = -w. What are the prime factors of w?
3, 5
Suppose -4*a - 8 = r, 2*r + a - 6 - 6 = 0. Let i(k) = -k**3 - 3*k**2 + 4 - 8*k - r*k**2 - 1 - 2*k. What are the prime factors of i(-10)?
3
Let o = -13 + 16. Suppose 33 = o*j - 33. What are the prime factors of j?
2, 11
List the prime factors of -5 + (5 - (5 + -244)).
239
Let q be 268/(-20) + 2/5. Let a(x) = x**3 - 4*x**2 - 5*x - 3. Let t be a(4). Let o = q - t. List the prime factors of o.
2, 5
Suppose -9*h = -8*h. Suppose a + 48 = 2*s, 2*a + h*a = -8. What are the prime factors of s?
2, 11
Suppose -6 = -2*f - 0*u - 2*u, -9 = -3*f + 4*u. What are the prime factors of (0 - 1)/(f/(-15))?
5
Let j = 4 + -4. Let s(c) = 2 + j*c - 1 - 2*c + 3*c**3. What are the prime factors of s(1)?
2
Let h = 12 + 6. Let v = h - 0. Suppose 0 = -4*i - v + 66. List the prime factors of i.
2, 3
Let q = -5 + 62. List the prime factors of q.
3, 19
Let p = -6 + 66. What are the prime factors of p?
2, 3, 5
Let b(p) = p**2 + p. Let n be b(-2). Suppose 3*m + 2*q = 3*q + 16, 2*m + n*q - 8 = 0. Let r = m + -3. What are the prime factors of r?
2
What are the prime factors of 6/6 + 25 - 3/(-1)?
29
What are the prime factors of 2/(8/852*3)?
71
Suppose -3*n - 231 = -d, 4*d + n = 6*n + 903. What are the prime factors of d?
2, 3, 37
Let f = -32 - 3. Let b = -18 - f. What are the prime factors of b?
17
Let a(x) = 3*x**2 - 38*x - 17. List the prime factors of a(17).
2, 3, 17
Let c = -7 - -7. Suppose c*h + h = 0. Suppose h = -4*v + 19 + 9. List the prime factors of v.
7
Let u be -9*1*6/(-18). Suppose j = -5*l + 38, -7 = u*l - 1. Suppose z - 4*z = -j. List the prime factors of z.
2
Let t = -2 - -3. List the prime factors of t*(1 - (-3)/3).
2
Suppose l + 18 = -5*i, -4*i - 6 = -0*i - 2*l. Let r = 10 + i. List the prime factors of r.
7
Let p(i) be the first derivative of -3*i**2/2 + 9*i + 3. Let r be p(8). Let b = r - -27. List the prime factors of b.
2, 3
List the prime factors of 48 - (-4 - (3 - 3)).
2, 13
Let i = 6 + 0. Suppose 3*n + 18 = i*n. What are the prime factors of n?
2, 3
Let x(z) = z**3 + 4*z**2 + 2*z + 1. Let u be x(-2). Let f(h) = -h + 1. Let q(l) = l. Let i(d) = 3*f(d) + 4*q(d). List the prime factors of i(u).
2
Let c(w) = -30*w. Let g be c(1). List the prime factors of (-2)/(-8) + g/(-8).
2
Let v(a) = -a**2 - 10*a + 10. What are the prime factors of v(-8)?
2, 13
What are the prime factors of 4/(-6) - 430/(-15)?
2, 7
Suppose 2*i - 6 = -i. What are the prime factors of i*78*1/4?
3, 13
Suppose 0 = h - 36 - 13. What are the prime factors of h?
7
Let a(c) = -7*c - 12. List the prime factors of a(-7).
37
What are the prime factors of (30 + -1)*(-9 - -13)?
2, 29
Suppose r = 2*r. Let